the highest common factor of 2646 and 10192.
98
Calculate the highest common factor of 25606 and 7378.
434
What is the highest common factor of 12921 and 885?
177
Calculate the greatest common factor of 9750 and 1638.
78
What is the greatest common factor of 476 and 108766?
238
What is the greatest common divisor of 62409 and 1917?
213
What is the greatest common factor of 2227 and 1683?
17
What is the highest common factor of 180 and 50580?
180
What is the greatest common factor of 11792 and 1276?
44
What is the highest common divisor of 21322 and 147?
7
Calculate the greatest common factor of 11747 and 17.
17
Calculate the highest common divisor of 136 and 42058.
34
What is the greatest common factor of 564 and 79806?
282
Calculate the highest common divisor of 10803 and 3666.
39
What is the highest common factor of 1274382 and 144?
18
Calculate the highest common factor of 14872 and 110.
22
Calculate the highest common divisor of 798 and 14649.
57
Calculate the greatest common factor of 1402 and 11579819.
701
Calculate the highest common factor of 8051 and 3901.
83
What is the highest common factor of 3528 and 1960?
392
Calculate the highest common divisor of 232 and 402520.
232
Calculate the greatest common divisor of 66213 and 42.
21
What is the greatest common divisor of 239616 and 351?
117
Calculate the greatest common divisor of 141 and 21197.
47
What is the greatest common divisor of 8334 and 47689?
463
Calculate the greatest common factor of 208 and 849862.
26
What is the highest common divisor of 36 and 4912?
4
What is the highest common divisor of 13581 and 2133?
27
What is the greatest common divisor of 4179 and 1743?
21
What is the highest common factor of 76 and 1780?
4
What is the greatest common divisor of 705 and 15463?
47
Calculate the greatest common divisor of 1215 and 10665.
135
What is the greatest common factor of 557 and 40?
1
What is the highest common divisor of 225 and 79551?
9
What is the greatest common factor of 96 and 487776?
96
Calculate the highest common factor of 2520 and 84100.
20
What is the greatest common divisor of 38315 and 1580?
395
What is the highest common divisor of 10 and 600730?
10
What is the greatest common factor of 1389774 and 167?
167
Calculate the greatest common divisor of 140 and 376180.
140
Calculate the greatest common factor of 3530 and 870498.
706
Calculate the greatest common factor of 383 and 10.
1
Calculate the highest common factor of 63921 and 351.
39
Calculate the highest common divisor of 3189 and 2721.
3
What is the greatest common divisor of 3859 and 8172?
227
What is the highest common factor of 2305 and 1549421?
461
What is the greatest common divisor of 94302 and 78?
78
What is the greatest common factor of 35966 and 17542?
98
Calculate the highest common factor of 145523 and 49.
7
What is the highest common divisor of 124 and 809038?
62
What is the highest common factor of 224070 and 330?
330
Calculate the highest common divisor of 6289 and 57.
19
Calculate the greatest common divisor of 108 and 78345.
9
What is the highest common divisor of 8 and 61522?
2
Calculate the highest common divisor of 398 and 77809.
199
Calculate the highest common factor of 2140 and 19420.
20
Calculate the highest common factor of 2337 and 10089.
57
Calculate the greatest common factor of 12 and 123246.
6
Calculate the greatest common divisor of 2 and 19219.
1
What is the greatest common factor of 43 and 1330764?
43
What is the highest common factor of 68 and 75038?
34
Calculate the highest common factor of 50 and 246110.
10
Calculate the greatest common divisor of 3825 and 99552.
51
Calculate the greatest common divisor of 25498 and 61.
61
Calculate the greatest common factor of 11061 and 938956.
1229
Calculate the highest common divisor of 222 and 185370.
222
What is the greatest common divisor of 216 and 3946104?
216
What is the highest common divisor of 15257 and 8987?
209
Calculate the highest common divisor of 2061 and 101.
1
Calculate the greatest common factor of 28 and 3914897.
7
What is the greatest common divisor of 5037 and 15?
3
Calculate the greatest common divisor of 22 and 2330449.
11
What is the greatest common divisor of 1148 and 3794?
14
Calculate the highest common factor of 34092 and 216.
36
What is the greatest common divisor of 33 and 1360689?
33
Calculate the greatest common divisor of 4626 and 3611364.
1542
Calculate the highest common factor of 45792 and 88.
8
Calculate the greatest common divisor of 5767 and 12337.
73
Calculate the greatest common factor of 42176 and 435599.
659
What is the highest common factor of 59087 and 161?
161
What is the greatest common factor of 12093091 and 1471?
1471
Calculate the highest common divisor of 369 and 247927.
41
Calculate the highest common factor of 453213 and 36.
9
What is the greatest common factor of 240 and 5892?
12
Calculate the highest common divisor of 1421 and 2037.
7
What is the greatest common divisor of 3071 and 4897?
83
What is the greatest common factor of 240 and 118896?
48
What is the greatest common divisor of 104558 and 23?
23
What is the greatest common divisor of 173682 and 18?
18
Calculate the highest common divisor of 1001 and 63.
7
What is the highest common factor of 2376 and 4599144?
792
What is the highest common divisor of 1664 and 347008?
128
Calculate the highest common divisor of 2223909 and 465.
93
What is the greatest common divisor of 186 and 247876?
62
Calculate the highest common divisor of 56287 and 308.
77
Calculate the greatest common factor of 82583 and 807.
269
What is the greatest common factor of 372768 and 2208?
96
What is the greatest common divisor of 674 and 44?
2
What is the highest common factor of 69856 and 888?
296
Calculate the greatest common divisor of 8251292 and 157.
157
What is the highest common factor of 260 and 170720?
20
What is the highest common divisor of 14 and 35693?
7
What is the greatest common divisor of 133 and 6587?
7
Calculate the highest common factor of 28149 and 66.
33
What is the highest common divisor of 3324 and 477548?
1108
Calculate the greatest common factor of 55 and 1735.
5
Calculate the highest common factor of 14297 and 26071.
841
Calculate the highest common factor of 660 and 480540.
60
Calculate the highest common divisor of 52 and 21398.
26
Calculate the highest common divisor of 279 and 8215.
31
Calculate the highest common factor of 189 and 1840671.
189
What is the greatest common divisor of 1720 and 664780?
860
Calculate the highest common factor of 143684 and 748.
68
What is the greatest common divisor of 276 and 169395?
69
Calculate the greatest common factor of 71 and 2052539.
71
What is the greatest common factor of 43 and 414305?
43
Calculate the greatest common factor of 5474 and 186438.
322
Calculate the greatest common divisor of 79936 and 64.
64
Calculate the highest common divisor of 237246 and 12.
6
What is the greatest common factor of 62261 and 69?
23
What is the greatest common factor of 13433 and 439451?
1919
What is the greatest common factor of 237 and 477?
3
Calculate the greatest common factor of 9074 and 3120.
26
What is the highest common divisor of 252 and 1643586?
42
What is the greatest common factor of 84 and 49252?
28
What is the greatest common factor of 11650 and 100?
50
Calculate the highest common divisor of 553039 and 37.
37
What is the highest common factor of 89326 and 1829?
59
Calculate the greatest common divisor of 136 and 1055224.
136
What is the greatest common divisor of 1480 and 33448?
296
Calculate the greatest common divisor of 377 and 6331.
13
Calculate the greatest common divisor of 14 and 271736.
2
Calculate the highest common divisor of 17010 and 350.
70
What is the greatest common factor of 198 and 3114?
18
Calculate the highest common divisor of 255 and 36125.
85
Calculate the greatest common factor of 112 and 5096.
56
Calculate the greatest common factor of 313457 and 60608.
947
Calculate the greatest common divisor of 500 and 12866.
2
Calculate the highest common factor of 16988 and 3014.
274
Calculate the highest common divisor of 394385 and 10.
5
What is the greatest common factor of 1432 and 1450258?
358
Calculate the highest common divisor of 307806 and 17568.
366
What is the gre